9. Calculate the greatest common divisor of f and m.
17
Let b = -746 + 796. What is the greatest common divisor of b and 20?
10
Let b = -29 + 113. Let f be (-21)/49 - 1485/(-35). What is the highest common factor of b and f?
42
Let o be 18/(-30) + (-6)/((-210)/87241). What is the greatest common divisor of o and 28?
28
Let t = 16 + 4. Let h(q) = 3*q**2 - 2*q + 2. Let o be h(2). Calculate the greatest common factor of t and o.
10
Let u be -49*45/(-9)*1. What is the greatest common divisor of 49 and u?
49
Suppose 0 = 2*t + 5*w + 8, -28 = -t - t + 4*w. Let i be (33/4)/11 - (483/(-28) - 9). Calculate the greatest common divisor of i and t.
3
Let o(g) = -g + 1. Let l be o(-4). Suppose -l*s - 2*q + 86 = 0, s - 4*q = 4*s - 60. Calculate the greatest common factor of s and 48.
16
Suppose 35*o - 1766 + 261 = 0. Calculate the highest common divisor of o and 1376.
43
Let b be 2/(-5)*(-675)/18. What is the greatest common factor of 117 and b?
3
Suppose 185*c = 209*c - 12000. What is the highest common divisor of c and 8?
4
Let s = -709 + 874. Calculate the greatest common factor of 99 and s.
33
Suppose -230*h = -207*h - 184. Calculate the highest common divisor of h and 648.
8
Let x be ((-22)/(-6))/(1/3). Let j be (75/(-10))/3*-54. Suppose -w + 8 = -2*g - 19, -g + j = 4*w. Calculate the highest common divisor of w and x.
11
Let w = 908 + -626. Calculate the highest common divisor of w and 1269.
141
Let b be 3/(-15) + 22/10. Suppose 2*d + 5*g = 105, 1 = b*g - 5. What is the highest common factor of 5 and d?
5
Let o = 8 + -2. Suppose 5*c - 146 = 139. Let v = -53 + c. Calculate the highest common divisor of v and o.
2
Let y = -31 + 31. Suppose y = -2*x - 3*x + 65. What is the greatest common factor of 117 and x?
13
Let f(g) = -87*g + 624. Let i be f(7). What is the highest common divisor of i and 570?
15
Let w = -3 - -3. Suppose 5*u - 105 = 2*u + 4*q, w = 2*u + 3*q - 70. Let g = 96 - -44. What is the highest common divisor of u and g?
35
Let w(h) = h**2 + h + 3. Let m be 2/6*(-3 - -12). Let b be w(m). What is the greatest common divisor of 120 and b?
15
Let x(b) = b**2 + 11*b. Let w be x(-11). Suppose 5*r = -4*d - 2, -d + w*d = r. Let g = -2 - -3. Calculate the greatest common factor of d and g.
1
Let n = 15 + 0. Suppose -x - 65 = -n. Let m = 90 + x. What is the highest common factor of 10 and m?
10
Let a(z) = z**3 + 8*z**2 - 9*z + 1. Let g be a(-9). Let r be 40 - (-3 - (-3)/g). Suppose -2 = 3*i - 32. Calculate the greatest common divisor of i and r.
10
Let o(q) = 2*q**2 - 10*q - 9. Let s be o(-4). Calculate the greatest common factor of s and 14.
7
Let h be 1*-7*(369/(-63) - -5). Calculate the highest common divisor of h and 48.
6
Let w(t) = 4*t**2 + 55*t - 289. Let m be w(8). Calculate the greatest common divisor of m and 333.
37
Suppose 3*r - 32 + 14 = 0. Let g(x) = -x - 8. Let u be g(-6). Let k be (30*-1)/(2/u). What is the highest common factor of r and k?
6
Let i(a) = a**2 - 22. Let o be i(6). Calculate the highest common divisor of o and 329.
7
Suppose 304*i = 305*i - 2. Calculate the greatest common divisor of 214 and i.
2
Let n = -1212 + 1225. What is the greatest common factor of 3029 and n?
13
Let u = -12 + 15. Suppose -6 = 2*v + 4*c, 4*v + u*c + 0 = 8. Let i be 284/12 - (-24)/18. What is the highest common factor of v and i?
5
Let k be 56 - -6*(-10)/10. Calculate the highest common factor of 250 and k.
50
Let b(v) = -10*v - 311. Let h be b(-31). Let o be -2 + (1 - 3) + 19. Let x = h + o. Calculate the greatest common divisor of x and 7.
7
Suppose 5*w - 150 = -5*t, 2*w + 23 - 59 = 4*t. Let p = 138 + -73. What is the highest common divisor of p and w?
13
Let u be 2*((-2)/(-10))/(10/(-1025)). Let n = u + 56. What is the greatest common divisor of 75 and n?
15
Let w(r) = -13*r - 2. Let b(y) = 12*y + 2. Let j(u) = 6*b(u) + 5*w(u). Let l be j(-7). Let q = l + 70. What is the greatest common divisor of q and 92?
23
Let d be 9/(-18) - (-354)/4. Let p be (-1*1)/((-11)/d). Suppose -14*o = -p*o - 42. Calculate the greatest common factor of 56 and o.
7
Let a be (9/(-2))/((-6)/8). Let w(o) = 7*o + 8. Let t be w(a). Let s = 1932 - 1922. What is the greatest common divisor of t and s?
10
Let c(i) = -i - 15. Let b be c(-11). Let h be ((-34)/b)/((-2)/(-4)). What is the highest common factor of 85 and h?
17
Let m be (2 - (-8)/(-3))*(-702)/4. What is the highest common factor of m and 195?
39
Let a be 2*3*(-1)/(-3). Let f = -420 - -438. What is the greatest common factor of a and f?
2
Suppose 7*d + 200 = 11*d. Let x(l) = 2*l - 6. Let m be x(8). What is the greatest common divisor of d and m?
10
Let f be 8 + -4 + 3 + -4. Suppose j = f*j - 16. Calculate the greatest common divisor of 4 and j.
4
Let t(b) = -2*b**3 + 20*b**2 - 18*b + 4. Let f be t(9). What is the highest common divisor of f and 28?
4
Let u(b) = 14*b + 2. Let h be u(4). Let p(d) = -d**3 + 69*d**2 + 144*d - 55. Let t be p(71). Calculate the greatest common divisor of h and t.
29
Let o(t) = -5*t**3 - 3*t**2 + t + 4. Let u be o(-2). Suppose 0 = -6*x + 3*x + 180. Calculate the highest common divisor of u and x.
30
Let k(h) = -h**3 - h**2 + 5*h + 34. Let x = -44 - -44. Let i be k(x). Calculate the greatest common factor of i and 68.
34
Let f = 108 + -105. Suppose f*p - 27 = 15. What is the highest common divisor of 14 and p?
14
Let m be 3 + 8/((-16)/6). Suppose m*j = 2*j - 66. What is the highest common divisor of j and 22?
11
Suppose 0 = 2*u + 2*c - 136, -2*c = -u + 36 + 23. What is the highest common factor of u and 15?
5
Suppose -2*g + h + 206 = 0, -g + 3*h = -42 - 51. What is the highest common factor of 21 and g?
21
Suppose 0 = 7*u - 10*u - 6. Let j be ((-15)/9)/(u/24). What is the highest common divisor of 180 and j?
20
Let i be -5 + 0*(-6)/36 + 18. Let c(l) = 5*l**2 + 6*l - 8. Let j be c(8). Let q = j - 256. What is the highest common factor of q and i?
13
Suppose 13*g + 204 = 17*g. Calculate the greatest common divisor of 6 and g.
3
Suppose -294 = -4*t + 86. Suppose 6*o - 2 + 122 = 0. Let m = o + 39. What is the highest common divisor of m and t?
19
Let c(g) = -11*g. Let i be c(-4). Let o(z) = z + 18. Let t be o(-7). Suppose u - t = -0*u. What is the greatest common factor of u and i?
11
Suppose -m - 27*a + 528 = -32*a, m - 2*a = 516. What is the greatest common factor of 4 and m?
4
Suppose m - 5*m + 96 = -3*q, 0 = -2*q - 8. Let u = 6 - 4. Suppose -j = 5*t - m, 17 = u*t - 3*j - 5. Calculate the greatest common divisor of t and 1.
1
Let p = 61 + 395. Calculate the highest common divisor of p and 24.
24
Let n be (-154)/231 - 254/(-3). Let m = 28 - 7. Calculate the greatest common factor of n and m.
21
Let n be 1 + -2 + -2 + 3. Let t be (-3 + n)/(9 + -10). Let x = -3 - -6. What is the highest common divisor of t and x?
3
Let t be 7430/7 - 3 - (-6)/(-14). What is the highest common factor of t and 46?
46
Suppose 15 = 21*f - 18*f. Let x(s) = s**2 - 2*s - 9. Let b be x(f). Let a be 48*(0 - 2/(-4)). Calculate the greatest common factor of a and b.
6
Let h(r) = r**3 - 5*r**2 + 3*r + 14. Let a be h(6). Let p = -47 + a. What is the highest common divisor of 3 and p?
3
Let v(a) = -2*a**2 + 11*a + 15. Suppose 0 = -105*y + 104*y + 6. Let u be v(y). Calculate the greatest common divisor of u and 99.
9
Let u(y) = -y**3 + 9*y**2 - y + 12. Let o be u(9). Let v be -1 + (7 - o) - 13. Let c be ((-36)/v)/((-9)/(-150)). What is the highest common divisor of c and 15?
15
Let t = 4 + 5. Let m = 95 - -3. Let c = m - 53. Calculate the greatest common factor of t and c.
9
Let k = -56 + 56. Suppose -3*w + n + 39 = -k*w, -52 = -4*w + 5*n. Calculate the greatest common divisor of 52 and w.
13
Let q = -35 + -2. Let c = q + 38. Suppose -g + 17 = 2*x - 4*g, -g = -3*x + 8. What is the highest common factor of c and x?
1
Suppose 0 = -2*v + 3*s - 16 - 35, -4*s + 100 = -4*v. Let j = v + 28. Let f be 48/5 - j/(-10). Calculate the greatest common factor of f and 5.
5
Suppose 2*d + 840 = 6*d. Suppose 3*h + 133 = 2*k + 798, h = 3*k + d. Let o be 2/(-6) - h/(-27). What is the greatest common divisor of 72 and o?
8
Suppose 0 = -22*o + 14*o + 32. What is the greatest common divisor of o and 7?
1
Suppose v + 5*j - 5 = 0, -v - 3*j = -0*v - 5. Suppose -1 = 3*d - 4*g - 0, 4*d = -g + v. What is the highest common factor of 1 and d?
1
Suppose 0